d - 611. Suppose -i + 3*h + k = i, -175 = -2*i - 3*h. What is the remainder when i is divided by 8?
7
Let x = -14 - -2. Let n = 20 + x. Suppose 3*f = 4*f - 20. Calculate the remainder when f is divided by n.
4
Suppose -5*s + 0*s + 65 = 3*u, 5*u = s + 15. Let a(v) = v**3 - 10*v**2 + 6*v + 30. What is the remainder when a(s) is divided by 27?
9
Suppose 0 = 6*z + 44 - 38. What is the remainder when (-765)/(-10)*16/6 is divided by ((-1)/(z/41))/(1/1)?
40
Suppose 1904 = -47*v + 54*v. Let i = -210 + v. What is the remainder when 741 is divided by i?
59
Let z be (101 - -4)*4*2/8. Suppose s = 2*p - z, s + 4*s = 4*p - 207. What is the remainder when 103 is divided by p?
50
Let c(z) = -z**3 + 9*z**2 - 3*z + 27. Let r be c(9). Suppose r = -5*x - 10, 5*s - x - 235 = -6*x. What is the remainder when s is divided by ((-34)/8)/((-1)/4)?
15
Let r = 4829 - 4798. Calculate the remainder when r is divided by 17.
14
Let u be 8 + (-221)/34 + 2/4. Suppose 4*g - 9 = 35. Suppose v - u = g. Calculate the remainder when 38 is divided by v.
12
Let s(c) = 9*c - 55. Let w(d) = -2*d - 1. Let a(z) = -s(z) - 6*w(z). Calculate the remainder when a(-11) is divided by 4.
0
What is the remainder when -4 + (-405243)/(-810) + 3/(-10) is divided by 170?
156
Let y = 127 - 103. Suppose -y*q + 21*q = -5*i - 56, 0 = -4*i - 16. Calculate the remainder when 12 is divided by q.
0
Suppose 5*i - 5*k = 65, 178*k - 177*k + 70 = 4*i. Calculate the remainder when -142*(-3)/6 - 1 is divided by i.
13
Suppose 6*v = 3*j + 9*v + 3, -16*j + 38 = -2*v. What is the remainder when 270 is divided by j?
0
Let u(j) = -3*j - 38. What is the remainder when ((-438)/12)/(3/12*-2) is divided by u(-17)?
8
Let g(s) = 64*s + 819. What is the remainder when g(-10) is divided by 178?
1
Suppose 575 = -46*b + 39 + 13094. Calculate the remainder when b is divided by 17.
1
Suppose 2*c = 7*c + 2*d - 22, c + 2*d + 2 = 0. What is the remainder when 154 is divided by (c*(-10)/15)/(3/(-24))?
26
Suppose y - 161 = 2*m - 6*m, -5*m = 2*y - 199. Suppose -111 = -38*g + m. What is the remainder when 58 is divided by g?
2
Suppose 3*m - 3*t - 318 = 0, -6*m + 2*m - 4*t + 392 = 0. What is the remainder when m is divided by 4?
2
Suppose 3*p + 75 - 84 = 0. Suppose -231 = p*h - 405. Calculate the remainder when h is divided by 3.
1
Suppose -h = -5*h + r + 302, 232 = 3*h + 2*r. Let n = -83 - -87. Suppose n*j - 5*t + 12 = 6*j, 5*j = -4*t + 47. What is the remainder when h is divided by j?
10
Let z = 86 + -84. Suppose -b - 4*b + 20 = 0, w + z*b - 15 = 0. Let o(c) = 10*c**2 - 5*c - 5. Calculate the remainder when o(-2) is divided by w.
3
Let x(t) = 6*t + 0 - 2 + t**3 + 8*t**2 - 7. Let b be x(-5). Let c = 40 - b. Calculate the remainder when 13 is divided by c.
1
Let c(k) = -58*k + 28*k**3 + 62*k**2 - 62*k**3 + 32*k**3 - 29. What is the remainder when 92 is divided by c(30)?
30
Let a(v) = 2*v**3 - 5*v**2 + 3*v + 3. Suppose 967*k + 45 = 968*k - 4*j, -77 = -k - 4*j. Calculate the remainder when k is divided by a(3).
19
Suppose -4*g = -60 - 28. Suppose -12012 = -13*z - z. Suppose -9*h - 318 = -z. What is the remainder when h is divided by g?
16
Suppose -3*h - a + 17 = -7*h, -4*h - 4*a = -8. Let p be (-103)/(-5) + 2/5. Let k = p - h. Calculate the remainder when 71 is divided by k.
23
Suppose -24*f = -16*f - 7704. What is the remainder when f is divided by 477?
9
Calculate the remainder when 2727 is divided by (-9)/6*3976/(-426).
11
Let w(m) = m**3 + 3*m**2 + 6*m + 9. Let p = -18 - -30. Calculate the remainder when p is divided by w(-2).
0
Let h = 7 + -45. Let c = h + 71. What is the remainder when c is divided by -1*(-11 + -3) + -16 + 5?
0
Suppose -21 = 3*o, -4*c - 5*o = -4*o - 10765. What is the remainder when c is divided by 5?
3
Let z = -5384 - -5950. Calculate the remainder when z is divided by 16.
6
Let d(r) = -r**2 - r + 2. Let x(g) = -7*g**2 - 9*g - 9. Let j(v) = 6*d(v) - x(v). Calculate the remainder when j(-12) is divided by 48.
33
Let c(a) = -a**2 - 6*a - 1. Let v be c(-5). Suppose v*y = y + 561. Calculate the remainder when 26 is divided by y/11 - (-1)/(-1).
10
Let q(k) = k**2 + 154*k - 1715. Calculate the remainder when q(14) is divided by 53.
1
Let l = 51 - -4. Suppose 27*n - 23*n = f + 632, -5*n + 789 = -f. Calculate the remainder when n is divided by l.
47
Let k(i) = 146*i - 3. Let s = -1387 - -1408. What is the remainder when k(1) is divided by s?
17
Suppose 132 = 3*a + 126. Suppose -4*z = -3*v - 266, a*z + 3*v = 63 + 61. Calculate the remainder when z is divided by 23.
19
Let b be -1 + 10 + 1 + -5. Suppose 11 = 2*w - b. Suppose -5*m + 27 + 108 = 0. Calculate the remainder when m is divided by w.
3
Calculate the remainder when (-260)/(-78) - 63760/(-24) is divided by 205.
200
Let m(k) = 3*k**2 + 7*k - 11. Suppose 48*g - 1398 = 282. Calculate the remainder when m(8) is divided by g.
27
Let w = 2464 - 2304. What is the remainder when 1756 is divided by w?
156
Let d = -265 + 329. Let a = d + -47. What is the remainder when 65 is divided by a?
14
Let t(l) = 126*l**2 - 256*l + 769. What is the remainder when t(3) is divided by 230?
215
Suppose 18*o - 24 = 14*o. Suppose -4*h - 7 - 25 = -2*q, -3*h + o = 0. What is the remainder when 138 is divided by q?
18
Let p be -52*3 + (-12 + 4 - -7). Let f = 175 + p. What is the remainder when 49 is divided by f?
13
Suppose 301 = 2*a - 2*z - 1509, -5*a + z + 4537 = 0. Calculate the remainder when a is divided by 131.
122
Suppose 2*k - 44*d = -47*d + 433, -k = 2*d - 217. Calculate the remainder when k is divided by (2 - 5/2)*-14.
5
Suppose 45*d - 7614 = -1089. What is the remainder when d is divided by 21?
19
Let k = 45 - 15. Let m = -1 - -14. Suppose 2*u - m = 101. What is the remainder when u is divided by k?
27
Suppose 31*a - 139 = -3*s + 26*a, -2*s + 94 = 3*a. Calculate the remainder when 294 is divided by s.
29
Suppose 6*a - 23*a + 14196 = 165*a. Calculate the remainder when 337 is divided by a.
25
What is the remainder when (-90)/(-285) + (-2187900)/(-323) is divided by 144?
6
Suppose 0 = -x + 5*c - 10*c, 0 = -4*x + 3*c. Suppose x = -m + 5*m - 56. Calculate the remainder when 138 is divided by m.
12
Let u(f) = 33*f + 2609. What is the remainder when u(-44) is divided by 57?
17
Suppose 65 = 5*f - 3*m, -f + 52 = 3*f - 4*m. Suppose f*g - 19*g + 120 = 0. What is the remainder when ((-94)/(-3))/((g/(-6))/(-5)) is divided by 12?
11
Let v = -2939 - -3008. Calculate the remainder when 197 is divided by v.
59
Suppose 0 = a + 5 - 10. Suppose a*j - 125 = -0. Suppose 0 = 4*m - 403 - 89. Calculate the remainder when m is divided by j.
23
Suppose 0 = 3*q + 3*r - 45, -5*q + 26 + 70 = -2*r. Calculate the remainder when ((-12)/(-4) + 108)*11/33 is divided by q.
1
Let s(n) = 28*n. Let g be s(3). Suppose 0 = 4*o + 3*z - g, 0*o = -3*o - z + 58. Calculate the remainder when 103 is divided by o.
13
Let k be (-1660)/180 - (-4)/18. Calculate the remainder when 121 is divided by (-84)/(-20)*(-30)/k.
9
Let t be 1*(-4 - -8 - 10). Let x(d) = -4*d - 11. Let c(a) = -a**2 + 27*a + 1. What is the remainder when c(25) is divided by x(t)?
12
Let b = -537 - -844. Suppose -4*y + 605 = -0*h + h, 2*y - b = h. Let x = y - 66. What is the remainder when x is divided by 19?
10
Let s(r) = 49*r**2 - 3*r + 2. Let n be s(1). Let d(k) = -3*k + 284. What is the remainder when d(n) is divided by 25?
15
Suppose -5*b - z = -319, 3*b - 4*z - 197 = -6*z. Let m(r) = 2*r**2 - 52*r + 38. Calculate the remainder when b is divided by m(26).
25
Let f = -126 - -129. Calculate the remainder when -6*f*32/(-9) is divided by 34.
30
Let z(s) = -s**2 - 18*s - 60. Let b be z(-13). Suppose -b*x - 240 = -895. What is the remainder when x is divided by 28?
19
Suppose x - 5 = -o, 2*o = 4*x - 4 - 22. Suppose -10*k = -x*k - 64. Calculate the remainder when -3 + (500/k - 2/8) is divided by 10.
8
Suppose 4*p = -4*a + 208, -2*p + 56 = a + 1. Suppose -3*v = -2*n + 4 + 28, 0 = -5*v - 3*n - 66. Calculate the remainder when a is divided by v/(-4) + 10 + 4.
15
Let x = -58 - -63. Suppose 9 = 6*w - 117. What is the remainder when w is divided by x?
1
Let j be 84/(-56) - 207/(-6). Suppose -j*n = -35 - 196. What is the remainder when 17 is divided by n?
3
Suppose 13*o - 86 = 12*o. Let q = o + -72. Let x(g) = -g + 36. What is the remainder when x(0) is divided by q?
8
Let 